 + 1 = 2*j + 18. Suppose -4*z = -g + p, 4*g - 30 = 4*z + 2. What are the prime factors of g?
3
Let w(r) = r**3 + 3*r**2 - 8*r + 2. Let s(h) = 2*h**3 + 2*h**2 - 9*h + 3. Let c(g) = -2*s(g) + 3*w(g). Let n be c(4). What are the prime factors of 1/4 - 22/n?
3
Suppose 37 = 2*i - 11. Suppose 4*w = 2*c + 6 - i, 5*c = -5*w + 90. List the prime factors of c.
3, 5
Let s = -10 + 17. Let v = -4 + s. What are the prime factors of v?
3
Suppose 43 = -q + 66. Suppose 26 = -0*p - 2*p. Let h = q + p. What are the prime factors of h?
2, 5
Suppose 3*s - 5*q = 196, 3*q = -0*q + 12. Suppose 5*x - s = 3*x. List the prime factors of x.
2, 3
Let u = -12 - 2. Let a be (-74)/u - 2/7. Let g = 8 + a. List the prime factors of g.
13
Suppose 170 = 5*x - b, x + 4*b = -x + 90. What are the prime factors of x?
5, 7
Suppose -5 = 4*v + 11, 4*k = -2*v - 68. Suppose -3*m = -f - 79, -f - 2 = -1. Let d = k + m. What are the prime factors of d?
11
Let i = 88 + 11. List the prime factors of i.
3, 11
Let z = 8 + -6. Suppose -z - 14 = 4*c. Let u(m) = -2*m. List the prime factors of u(c).
2
Let w be 0 + 0 - -3 - 8. Let k be 3/(12/w)*16. List the prime factors of (-33)/(-4) + 5/k.
2
Suppose 0 = -4*l - 247 + 1311. What are the prime factors of l?
2, 7, 19
What are the prime factors of 11*(-1)/(3/(-15))?
5, 11
What are the prime factors of (1/(-2))/(6/(-732))?
61
List the prime factors of (-56)/(-10)*(-10)/(-4).
2, 7
Let y be 223/(-9) + (-10)/45. Let q = y - -43. What are the prime factors of q?
2, 3
Let i = 16 - -137. What are the prime factors of i?
3, 17
Let i = 6 + -2. Let c(l) = -l**3 - 1 + 0*l**3 + l + l + i*l**2 - 2. List the prime factors of c(4).
5
Let v be ((-1)/2)/(4/(-32)). Suppose -2*b + 25 = b + 5*c, -4*c + 33 = 5*b. Suppose v*r - 27 = z, -33 = -b*r + r + 3*z. What are the prime factors of r?
2, 3
Let p be (2/(-1))/(2/5). Let i = p - -8. Suppose 14 = i*d - 1. What are the prime factors of d?
5
What are the prime factors of (8/(-2) - -75) + 2 + 2?
3, 5
Let o = 8 + -5. Let u = 1 - o. Let s = u - -4. List the prime factors of s.
2
Let o(q) be the second derivative of q**4/12 + q**3/2 + 5*q**2/2 - q. Let s(r) = r**3 + 6*r**2 - 5*r + 10. Let v be s(-7). List the prime factors of o(v).
3
List the prime factors of (259/(-2) + -5)*-2.
269
Suppose 4*g + 0*g = 72. What are the prime factors of g?
2, 3
Let u(j) = -j**3 - 2*j**2 - 3*j + 6. Let g be u(4). Let b = g + 144. What are the prime factors of b?
2, 3, 7
Let s(h) = h**2 + 6*h - 5. Let o be s(-7). Suppose 0*k = o*k - 4. What are the prime factors of k?
2
Let s(z) = z**3 - 7*z**2 + 3*z - 1. List the prime factors of s(8).
3, 29
Let q(y) = 2*y + 20. Let b be q(14). Let k = b - 30. What are the prime factors of k?
2, 3
Suppose 3*j - 2*l - 1 = 0, -2*l + 17 = -0*j + 3*j. Suppose 3*y = -2*y - 25. What are the prime factors of (2/y)/(j/(-30))?
2
Let o = -2 - -6. Suppose 4*r + 5 - 39 = 2*w, o*r + 3*w = 39. List the prime factors of r.
3
Let l(c) = c**3 + 7*c**2 + 7*c - 4. Let i be l(-6). Let a(q) be the first derivative of -q**4/4 - 11*q**3/3 - 6*q**2 - 8*q + 2. List the prime factors of a(i).
2, 3
Let a = 3 - 0. Suppose a + 13 = q. What are the prime factors of q?
2
Suppose 3*a = 7*a. Let p = a - -11. What are the prime factors of p?
11
Suppose 55*t = 52*t + 165. What are the prime factors of t?
5, 11
List the prime factors of (8/(-6))/(235/(-75) - -3).
2, 5
What are the prime factors of ((-3)/9*-2)/(6/234)?
2, 13
Let c = 4 + 7. Let u = c + -6. Suppose -x = -6 - u. List the prime factors of x.
11
Let f be (2/4)/(1/(-16)). List the prime factors of 4/f*(-1 + -37).
19
Let n(f) = f**3 - 3*f**2 + 3*f - 1. Let q be n(2). Let t be (5 - -17)/((-4)/(1 + -3)). Suppose -t = -a + q. What are the prime factors of a?
2, 3
List the prime factors of 94 + (-8)/(-28) + (-19)/(-7).
97
Suppose -204 - 488 = -4*f. What are the prime factors of f?
173
Let o be 6*(-1)/(6/(-8)). Let u = 36 - 31. Suppose 4*s - 4*i - 24 = 0, -u*i - 2 = o. What are the prime factors of s?
2
Suppose 0 = 12*s - 4*s - 1224. What are the prime factors of s?
3, 17
Let b be 2/3 - 101/3. What are the prime factors of b/3*-1*2?
2, 11
Suppose 0 = -k - d + 58, 5*k = 3*d + 348 - 66. List the prime factors of k.
3, 19
Let y(a) = a**2 - 5*a - 8. Let l be (-2 - 0)*(-4 + 1). Let g be y(l). Let j(s) = s**3 + 4*s**2 + 2*s - 1. What are the prime factors of j(g)?
3
Let c(o) = o**2 - 7*o - 2. Let d be c(8). Suppose -g + d*g - 60 = 0. List the prime factors of g.
2, 3
Suppose 0 = 3*l + 28 + 38. Let f = -8 - l. What are the prime factors of f?
2, 7
Let l = 59 + -28. List the prime factors of l.
31
Suppose -69 = -r - 5*s, 5*r + 96 = s + 389. What are the prime factors of r?
59
Suppose 3*a - 4*a = -4. Suppose q + a*q = 20. Suppose -q*u + 16 = -0. List the prime factors of u.
2
Let g be (-14)/(-4) - (-2)/4. Suppose -g*i + 0*i = -72. List the prime factors of i.
2, 3
What are the prime factors of (24/36)/(1/6) + 18?
2, 11
Let w = -175 - -320. What are the prime factors of w?
5, 29
Let o be (-96)/(-20)*(-15)/(-2). Suppose -6*i + o = -2*i. What are the prime factors of i?
3
Let s be 54/(-7)*14/(-3). Let j = 50 - s. List the prime factors of j.
2, 7
Suppose -5*f - 182 = -7*f. What are the prime factors of f?
7, 13
Suppose g = -4*v + 326, 5*v = -4*g + 477 - 75. What are the prime factors of v?
2, 41
Suppose 2*d = w, 5*w + 3*d + 9 = 2*w. Let k = w - -14. What are the prime factors of k?
2, 3
Let b(k) = k**3 + k**2 - 1. Let i(g) = 4*g**3 + 8*g**2 + 5*g - 4. Let x(p) = 3*b(p) - i(p). Suppose -3*z + 0*z = 12. List the prime factors of x(z).
5
Suppose 5*k + 6 = -4. Let d = 24 + k. What are the prime factors of d?
2, 11
Suppose 15 = -5*a + 6*a. Suppose -a = -5*d - 0*d. What are the prime factors of d?
3
Let m(g) = -10*g - 31. What are the prime factors of m(-9)?
59
Suppose -47 = 2*b + 3*i, -b - 4*i - 14 - 17 = 0. Let m = b + 0. Let k = 39 + m. What are the prime factors of k?
2, 5
Let y(v) = -1. Let a(z) = 12*z + 9. Let p be -1*(9 + -3 + 0). Let k(j) = p*y(j) - a(j). List the prime factors of k(-2).
3, 7
Suppose 2*t - 34 = -4*m, 5*t - 22 = m - 3. Let k(d) = -d + 6. Let j be k(m). Suppose 3*q - 5*b - 1 = j, -3*b + 21 = 9. What are the prime factors of q?
7
Let j = -72 - -119. What are the prime factors of j?
47
Let y be (-2 + 3)/(-1)*6. Let p(c) = c**3 + 6*c**2 - c. What are the prime factors of p(y)?
2, 3
Let q(f) be the second derivative of -f**4/12 - 4*f**3/3 - 3*f**2/2 - 2*f. List the prime factors of q(-5).
2, 3
Let g(t) = -t**3 - t + 5. Let r be g(0). Suppose -5*d = -r - 135. What are the prime factors of d?
2, 7
Suppose 0 = 6*n - 7*n + 3. List the prime factors of n.
3
Suppose -d + 9*d - 560 = 0. List the prime factors of d.
2, 5, 7
Let k(m) = m**3 + 11*m**2 + 20. What are the prime factors of k(-11)?
2, 5
Let w be 2/4 - (-15)/(-6). Let j be ((-6)/(-9))/(w/(-9)). Suppose j*h = 18 + 6. List the prime factors of h.
2
Let d(k) = -k**2 + 2*k - 1. Let b(x) = x**3 + 3*x**2 - 5*x + 2. Let z(j) = -2*b(j) - 5*d(j). What are the prime factors of z(-1)?
2
Suppose t + 2 = 2*t. What are the prime factors of t?
2
Suppose 0 = q + 2. Let l be 6 + -1 + (q - 1). Suppose 0*c + l*c - 68 = -4*h, c = 0. List the prime factors of h.
17
Suppose -5 = -4*u + 15. Suppose d = 3*d - u*k - 20, -d - k = -3. Suppose 20 = d*p + 6*z - z, -16 = -4*p - 5*z. What are the prime factors of p?
2
Let z(y) = -y**3 - 7*y**2 - y + 16. What are the prime factors of z(-7)?
23
Suppose -29 = -4*w + 3*w. List the prime factors of w.
29
Let f(n) = -n**2 + 5*n + 7. Let d be f(6). Let s(i) = -4 + i**2 - d - 8*i - 2*i**2. List the prime factors of s(-6).
7
Let d(a) = a**2 + 1. Let r be ((-10)/4)/(9/18). List the prime factors of d(r).
2, 13
What are the prime factors of (-74)/3*6/12*-3?
37
Let q be 954/45 - (-1)/(-5). Suppose q = 4*m + 9. List the prime factors of m.
3
Let b(v) = v**2 - 2*v. Let o be b(1). Let p(j) = 5*j**3 - j**2 - j - 1. Let t be p(o). Let g = 25 + t. List the prime factors of g.
19
Let g = -4 - -8. Suppose 0 = d + 5*o - 11, -g*d - 2*o - o + 44 = 0. List the prime factors of d.
11
Suppose -3*t = -t - 4. Let j = 5 - t. List the prime factors of j.
3
Let r(g) = -g**3 + 5*g**2 + 5*g - 2. Let v be r(6). Let s be (-52)/(-14) + v/(-28). Suppose f = -s*f + 50. What are the prime factors of f?
2, 5
Let r(x) = -3*x**3 - 2*x**2 + 4*x + 5. List the 